n u(34) is divided by 223.
222
Suppose -641*z = -627*z - 714. Let g = 16 - -10. What is the remainder when z is divided by g?
25
Let q(r) = -1008*r + 2650. Calculate the remainder when q(-6) is divided by 100.
98
Suppose -24*u + 100 = -20*u. Calculate the remainder when 146 is divided by -25*((-4)/10 - 15/u).
21
Let s(j) = 2*j**3 - 41*j**2 - 59*j - 138. What is the remainder when 210 is divided by s(22)?
2
Let y(z) = -2*z**3 + 20*z**2 - 7*z + 4. Let v be y(9). Let i = v - 98. Suppose 15 = i*r, 5*f + 3*r = f + 13. What is the remainder when 5 is divided by f?
0
Let m(s) = -7*s**2 + 61*s - 41. What is the remainder when m(6) is divided by 18?
1
Let s(u) = -3*u + 22. Let r be s(-6). Let o = 57 - r. Calculate the remainder when (o/(-4))/(10/(-80)) is divided by 19.
15
Suppose 10*z - 1797 - 1790 = 143. Calculate the remainder when z is divided by 361.
12
Let l(r) = r**3 - 11*r**2 - 15*r + 121. Let b be l(15). Suppose -1072 + b = -4*s. What is the remainder when 206 is divided by s?
68
Let q be ((-1)/3)/((-6)/648*3). Suppose -8*d = -q - 36. What is the remainder when 34 is divided by (-2)/2 + -38*d/(-12)?
16
Let a(j) = 9*j**3 + 3*j**2 - 2*j. Let n be a(1). Let o be (-1 - -3) + n/5. Suppose o*m = 576 - 176. Calculate the remainder when m is divided by 34.
32
Suppose 2*r + 2*w + 95 = 109, 4*r - 55 = -w. Let f = 303 - 165. What is the remainder when f is divided by r?
10
Suppose 6*j - 9 = -3*j. Let z be j/(3 + (-652)/218). Let h = -64 + z. What is the remainder when h is divided by 17?
11
Let d(s) = s + 8. Suppose q + 30 - 33 = 0. Suppose -3*l + r = -2*r - 36, -5*l = -q*r - 64. What is the remainder when l is divided by d(-3)?
4
Suppose 4438 = -708*a + 709*a. Calculate the remainder when a is divided by 120.
118
Let l = 2425 - -5375. What is the remainder when l is divided by 51?
48
Let w(t) = -41*t**2 - 547*t - 12. Calculate the remainder when w(-12) is divided by 10.
8
Calculate the remainder when 142 is divided by 15/(30/8) + (25 - 9).
2
Suppose -14*p + 1445 = 745. Calculate the remainder when 235 is divided by p.
35
Let h = -97919 + 97960. Let i = -13 + 18. Calculate the remainder when h is divided by i.
1
Let z(a) = -5*a + 12. Let o be z(-1). What is the remainder when (o + -8 + 2)/1 is divided by 5?
1
Suppose -3*i + u + 56 = 0, 38 - 14 = 2*i - 4*u. Suppose -w - 47 = -2*s, -4*s + 5*w = -65 - i. Calculate the remainder when 37 is divided by s.
12
Let y be 5 + (-15)/((-105)/644). Suppose 3*f - 191 = y. What is the remainder when f is divided by 24?
0
Let i(r) = 3*r**2 + r + 2. Let n = -533 + 638. Suppose -25*j + 170 + n = 0. What is the remainder when i(-3) is divided by j?
4
What is the remainder when 452 is divided by (2*1/(-2))/(157/(-16328))?
36
Let g(h) = -159*h - 7. Let m(f) = 160*f + 7. Let q(j) = -5*g(j) - 6*m(j). Let x be q(-2). Let r = x - 152. Calculate the remainder when r is divided by 43.
42
Calculate the remainder when -78 + 65 + 9 - -20*1*118 is divided by 37.
25
Let n = 927 + -803. What is the remainder when 5330 is divided by n?
122
Let p(j) = 12 + 316*j - 311*j - 61. Let i be p(11). What is the remainder when 3 - (-459)/i - 15/(-10) is divided by 21?
18
Suppose 34*t - 40*t + 48 = 0. Suppose t = 2*m - f, 3*m - 9*f + 6*f = 6. What is the remainder when 29 is divided by m?
5
Let i(o) = -o**3 - o**2 + 3*o + 3. Let d be i(-4). Let g(t) = 2*t - 1. Let s be g(-2). Let n = d + s. Calculate the remainder when n is divided by 12.
10
Let y = -15666 - -15679. What is the remainder when y is divided by 9/(-12) + (-188)/(-16)?
2
Let n be (-2)/(-5) + 52/20. Suppose m = -2*m + n*r + 6, 5*r = 3*m + 2. Calculate the remainder when (0 - 6)*(-62)/m is divided by 18.
8
What is the remainder when ((-303)/(-12))/(2/160*5) is divided by 5?
4
Suppose 214*k - 439366 = 143784. Calculate the remainder when k is divided by 27.
25
Suppose 5*o - 58 = -3*f, 2*o - 16*f = -11*f - 14. What is the remainder when o is divided by 7?
1
Let o(a) = -a**3 - 9*a**2 + 5*a - 1. Let w = -5566 + 5659. Calculate the remainder when w is divided by o(-10).
44
Let m(r) = 64*r - 19. Let c be m(3). Let w = 180 - c. Calculate the remainder when (-2)/6 - 21/(-9)*7 is divided by w.
2
Let w be (-256)/6*(-3)/2. Calculate the remainder when 116 is divided by w/5 - (-22)/110.
12
Let q = -213 + 207. What is the remainder when 2/9 - (2440/(-36) + q) is divided by 21?
11
Suppose 2*f + 2*f - 69 = 3*v, 5*v - f + 132 = 0. Let q = 41 + v. Suppose 0 = -0*l - 2*l + 4*b + 22, 3*b = 0. What is the remainder when q is divided by l?
3
Calculate the remainder when 609 is divided by 2 + 30 + 0 + (-12 - -8).
21
Let x = -3036 + 3054. Suppose -5*g = -3*g - i - 137, -4*g = 2*i - 262. Calculate the remainder when g is divided by x.
13
Suppose 3*w + 3*d + 2*d - 225 = 0, -4*w + 300 = -5*d. Let q = 80 - w. What is the remainder when 11 is divided by q?
1
Let y = 19 - 3. Let g(c) = c**3 - 15*c**2 - 14*c - 29. Let s be g(y). Suppose -s*j + 4 + 5 = 3*x, -27 = -4*j - x. What is the remainder when 28 is divided by j?
4
Let p = 8 + -140. Let n = -79 - p. Calculate the remainder when n is divided by 32.
21
Calculate the remainder when (-9 + 7406/42)*3/2 is divided by 100.
51
Suppose 3*s - 4464 = -3*b, -5*s - 2*b + 8303 = 887. What is the remainder when s is divided by 6?
4
Suppose 2*w = -3*r + 730, -5*r + 126 = w - 218. Calculate the remainder when w is divided by 89.
18
Let s = 4092 + -4079. Let c = 71 - -2. Let t = c - 49. What is the remainder when t is divided by s?
11
Let j(w) = -3*w**3 - 7*w**2 + w + 5. Suppose 3*k + 3 = 2*z, 24 = -2*k - k - 5*z. What is the remainder when 56*k*3/(-9) is divided by j(-3)?
16
Let t be (6 + 21/(-5))*(-620)/(-12). Suppose -t = -7*j - 30. What is the remainder when 124 is divided by j?
7
Suppose -p = 4*p - 75. Let n = 42 - 128. Calculate the remainder when ((-6)/(-9))/(-1 + n/(-84)) is divided by p.
13
Let n = 219 - -694. Calculate the remainder when n is divided by 227.
5
Let x = 36 - 2. Let y = 36 - x. Suppose y*z - 2*b - 32 = 0, z + 2*b - 31 = -0. What is the remainder when 103 is divided by z?
19
Suppose 155*c - 69030 = -199*c. What is the remainder when 23203 is divided by c?
193
Calculate the remainder when 188 is divided by (24/192)/((-6)/(-2544)).
29
Suppose -5 = 2*r + 3*a, r + 7 = a - 4*a. Let d = 25 + -23. Suppose 0 = d*q - 8, 5*q + 18 = -m + 10*q. Calculate the remainder when r is divided by m.
0
Calculate the remainder when 4136/18 + (-40)/(-180) is divided by 47.
42
Suppose 4*a + 6*k - k = 128, k = -3*a + 96. What is the remainder when 223 is divided by (a + (-44)/11)*(2 - 1)?
27
Suppose 0 = -48*j + 7818 + 51990. What is the remainder when j is divided by 81?
31
Let p = -20 - -34. Suppose -2*l + 56 = 2*w, 11*l - p*l + 15 = 0. What is the remainder when 41 is divided by w?
18
Let q(t) = 26*t. Suppose 3*m - 30*l = -31*l + 549, 0 = 3*m - 3*l - 525. What is the remainder when m is divided by q(1)?
25
Suppose 0 = 20*c - 16*c + 36. Let z be (150/c)/(3/(-18)*4). Suppose 0 = -u - s + z, 5*u - 5*s = -3 + 168. What is the remainder when u is divided by 16?
13
Suppose -3362 = -79*m - 88*m + 49577. Calculate the remainder when m is divided by 32.
29
Suppose 2*p - 19736 = -4*b, -2*p + 5700 = b + 763. What is the remainder when b is divided by 105?
103
Let c = -28 - -17. Let x(n) = 2*n**2 + 13*n + 17. Suppose -i - 4*q = -0*i - 36, 5*i = 4*q + 108. Calculate the remainder when x(c) is divided by i.
20
Let n(d) = -d**3 + d**2 + 4*d + 4. Let g be n(-2). Suppose g*m - 536 = -176. What is the remainder when m is divided by 8?
5
Suppose r - 2*g - 22 = 0, 2*r + 8 - 37 = g. Let q = 7 - 5. Suppose -3*k + 31 = -q*k. What is the remainder when k is divided by r?
7
Suppose -3*u - 2*d - 5 = 0, u + 2*u = -5*d + 1. Let p(h) = 6*h**2 + 5*h + 24. Calculate the remainder when p(u) is divided by 36.
27
Suppose 147*q + 3*x = 143*q + 4570, 2*q + 4*x - 2290 = 0. Calculate the remainder when q is divided by 82.
75
Let s be 30 + -26 - (2 + -17). Suppose -s*g - g + 500 = 0. Calculate the remainder when g is divided by 13.
12
Calculate the remainder when (6908/6)/(11/44 - 2/24) is divided by 10.
8
Let y = -1926 - -2278. What is the remainder when y is divided by 39?
1
Suppose -5*n + 259 = 2*n. Let b = 41 - n. Suppose 45 = d + b*d. Calculate the remainder when 35 is divided by d.
8
Let y(l) = -970*l**3 - 2